4?
292
What is the highest common divisor of 2440860 and 21165?
255
What is the highest common factor of 935835 and 20915?
445
What is the highest common factor of 60 and 10311580?
20
What is the greatest common divisor of 17717227 and 99?
11
Calculate the greatest common factor of 2152394 and 877502.
1622
Calculate the greatest common divisor of 1240 and 62830056.
248
Calculate the highest common factor of 10041664 and 896.
64
What is the highest common factor of 3200 and 41897088?
128
Calculate the greatest common divisor of 660352565 and 1660.
415
What is the highest common factor of 7514016 and 14703?
87
Calculate the highest common divisor of 563739 and 1253271.
4659
What is the greatest common factor of 9996840 and 150?
30
Calculate the greatest common factor of 2391669 and 6741.
63
Calculate the highest common divisor of 100138353 and 7.
7
What is the greatest common divisor of 246428 and 9387959?
4739
Calculate the highest common divisor of 800 and 21639320.
40
What is the highest common divisor of 350532 and 94094?
182
What is the highest common factor of 318506 and 2272?
142
Calculate the greatest common factor of 99522 and 1039338.
1026
Calculate the greatest common divisor of 52 and 31719532.
52
What is the highest common factor of 374 and 5988488?
374
Calculate the highest common divisor of 9353016 and 58194.
954
Calculate the highest common divisor of 1146330 and 3541970.
2710
Calculate the highest common factor of 1238327 and 1.
1
What is the highest common divisor of 15855 and 45087090?
2265
What is the highest common factor of 1025780 and 7620942?
6034
What is the greatest common divisor of 2317204 and 216212?
1132
What is the greatest common factor of 77353 and 397889?
103
What is the highest common factor of 15141995 and 55?
55
What is the greatest common divisor of 4564 and 2877?
7
What is the highest common factor of 575344112 and 112?
112
What is the greatest common factor of 1231 and 160821533?
1231
Calculate the highest common divisor of 23101 and 57413093.
1777
What is the greatest common factor of 211264 and 4096?
64
Calculate the greatest common divisor of 28002 and 199102836.
2154
What is the highest common divisor of 158744443 and 33?
11
What is the greatest common divisor of 31570 and 8090202?
82
What is the highest common factor of 1793 and 16578893?
163
What is the highest common divisor of 3633 and 3701508?
519
Calculate the highest common factor of 5228 and 98372.
4
What is the highest common divisor of 207 and 29431536?
69
What is the highest common divisor of 9920 and 1906810?
310
What is the greatest common divisor of 68847 and 12720?
159
Calculate the greatest common divisor of 12 and 630822.
6
Calculate the highest common factor of 59823 and 11799.
207
Calculate the highest common factor of 695823 and 114.
3
Calculate the highest common factor of 1660 and 1926679.
83
Calculate the highest common factor of 1062828 and 394524.
1404
Calculate the highest common divisor of 3303 and 1599111.
9
What is the highest common divisor of 2254 and 10615282?
46
Calculate the greatest common divisor of 1133738 and 946.
86
Calculate the greatest common factor of 6525725 and 2755.
145
Calculate the highest common factor of 50478730 and 370.
370
What is the highest common factor of 420 and 491382660?
60
What is the greatest common divisor of 5145 and 191785020?
5145
What is the greatest common divisor of 37735711 and 2821?
403
What is the highest common factor of 10941092 and 15523?
43
What is the greatest common factor of 708 and 67078398?
354
What is the highest common divisor of 109404 and 43200?
108
Calculate the highest common factor of 58474 and 100698.
26
Calculate the highest common divisor of 316002607 and 11692.
2923
What is the greatest common factor of 616 and 18643702?
154
Calculate the greatest common divisor of 444 and 65402125.
37
What is the greatest common divisor of 190344 and 133936?
88
Calculate the greatest common factor of 58089099 and 207.
69
What is the highest common factor of 6768180 and 2880?
180
Calculate the greatest common divisor of 1016 and 329294236.
508
Calculate the highest common divisor of 7751022 and 45708.
1758
What is the greatest common divisor of 856152 and 6831?
2277
Calculate the greatest common divisor of 136040 and 2947280.
760
Calculate the greatest common divisor of 31893782 and 4.
2
What is the greatest common factor of 55192 and 13008?
8
What is the highest common factor of 6149 and 48707648?
473
Calculate the greatest common divisor of 854078 and 10.
2
What is the highest common divisor of 37605 and 421590?
345
Calculate the highest common divisor of 15139593 and 10857.
987
What is the highest common divisor of 142424 and 586416?
152
Calculate the highest common divisor of 171957 and 337776.
93
Calculate the highest common divisor of 84367 and 163439.
353
What is the greatest common factor of 1510128 and 1908?
36
What is the highest common divisor of 32897 and 455157?
491
What is the greatest common factor of 2300520 and 205?
5
Calculate the highest common factor of 128646 and 9198.
126
What is the highest common factor of 65628956 and 356?
356
Calculate the greatest common divisor of 882 and 54195813.
441
Calculate the highest common divisor of 161700 and 17700.
300
Calculate the greatest common factor of 32980 and 1422020.
1940
Calculate the highest common divisor of 63781556 and 1276.
116
Calculate the highest common divisor of 238 and 12698133.
119
Calculate the greatest common factor of 1664145 and 1537704.
567
What is the highest common divisor of 3479080367 and 266?
133
Calculate the greatest common factor of 60 and 10432020.
60
What is the highest common divisor of 152133584 and 29056?
3632
What is the highest common divisor of 748345 and 179075?
1885
Calculate the highest common factor of 2867361 and 63.
21
Calculate the highest common divisor of 10302 and 3109380546.
10302
What is the greatest common divisor of 347 and 849377231?
347
What is the highest common factor of 8853714 and 54?
18
What is the highest common divisor of 2107 and 12309143?
49
What is the highest common divisor of 15785 and 40007?
11
What is the highest common divisor of 1328 and 18012328?
664
What is the greatest common factor of 97992 and 4584?
24
What is the greatest common factor of 9098 and 27343?
1
Calculate the greatest common factor of 300579997 and 2396.
599
What is the highest common factor of 114876188 and 980?
196
Calculate the highest common divisor of 10233 and 39343611.
1137
What is the greatest common divisor of 722827662 and 6?
6
Calculate the highest common factor of 16 and 14660944.
16
Calculate the highest common factor of 64 and 81909904.
16
What is the greatest common divisor of 1177240 and 197600?
760
Calculate the highest common divisor of 1274 and 16686558.
98
What is the highest common factor of 54000 and 2548000?
2000
What is the greatest common factor of 2690748 and 1416960?
1476
Calculate the highest common factor of 2320 and 59375180.
580
Calculate the highest common divisor of 511885884 and 138.
138
Calculate the highest common factor of 4560 and 114453600.
240
What is the greatest common factor of 140692522 and 316?
158
Calculate the highest common factor of 24096 and 60.
12
What is the highest common factor of 197176 and 31752?
392
What is the highest common divisor of 493132 and 399116?
452
What is the highest common factor of 53488845 and 135?
45
Calculate the greatest common factor of 4755595 and 242190.
1495
Calculate the highest common factor of 119991 and 95559789.
5217
What is the greatest common divisor of 157066 and 971738?
1726
What is the greatest common factor of 1298524 and 365?
73
What is the greatest common factor of 18309696 and 2820?
564
Calculate the highest common factor of 61805 and 2185.
5
Calculate the highest common divisor of 8831738 and 170.
34
Calculate the highest common factor of 10298 and 1471530.
542
Calculate the greatest common factor of 90 and 84930945.
15
What is the greatest common divisor of 1378972 and 3892?
28
What is the highest common divisor of 37338197 and 26545?
5309
Calculate the greatest common divisor of 16695934 and 142.
142
What is the highest common factor of 1369351302 and 61?
61
What is the greatest comm